24. Let j be i(14). Let g = -37 + j. What is the units digit of g?
1
Let v be 3/2*24/9. Let n be 28/(-21)*6/v. What is the units digit of 18/(n*6/(-16))?
4
Let l = -8 + 8. Suppose 3*t + 4*o = -l*t + 60, 0 = -5*t - 5*o + 95. What is the tens digit of t?
1
Let m(d) = -3*d + 60. What is the units digit of m(-7)?
1
Let v(q) = -q**2 - 31*q - 55. Let w be v(-27). Let m = -32 + w. What is the units digit of m?
1
Suppose -3*c + 1 = -11. Suppose c*l = 11 + 545. What is the hundreds digit of l?
1
Let d = -36 + 34. Let f be (7 + d)*6/3. Suppose -f*t + 408 = -4*t. What is the tens digit of t?
6
Let t(d) = 2*d**2 + 13*d + 30. What is the tens digit of t(-13)?
9
Let t(v) = 46*v**2 + v - 3. What is the hundreds digit of t(3)?
4
Suppose x - 245 = -a, -a + 5*x = 5 - 220. Suppose a = -5*f + 9*f. What is the tens digit of f?
6
Let v(o) = -1542*o + 1542*o - 1 + 4*o**3. Let k be 1*(1 + 0 + 0). What is the units digit of v(k)?
3
Let r(p) = p**3 - 12*p**2 - 3*p + 18. Suppose -7*m + 69 + 15 = 0. Let k be r(m). Let z = 10 - k. What is the tens digit of z?
2
Suppose -10*a = 2*a - 20064. What is the tens digit of a?
7
Suppose 2*i - 4*l = 7*i - 10598, 0 = -3*i + 2*l + 6372. What is the tens digit of i?
2
Suppose t + 46 = 4*t + r, 4*r + 8 = 0. What is the units digit of t?
6
Suppose -5*w + 146 = -159. Suppose 0 = t - 1 - w. What is the units digit of t?
2
Suppose 6 = 5*t - 4. Suppose -7*r = b - 3*r - 48, -t*r - 42 = -b. What is the tens digit of b?
4
Let r = -2 - -247. What is the units digit of r?
5
Suppose 10 + 23 = 3*c. Suppose 0 = z + 5*h - 62, 2*z + h - c = 86. What is the tens digit of z?
4
Let p = 334 + -329. What is the units digit of p?
5
Let o be ((-31)/3)/((-2)/6). Let j = o - 27. What is the units digit of 6/(4/152*j)?
7
Let f(m) = 69*m**2 + 2*m + 1. Let o(x) = -x - 8. Let w be o(-7). What is the tens digit of f(w)?
6
Suppose -3 = -8*a + 7*a. Suppose 0 = a*o - 2*x - 369, 3*x + 307 = 2*o + 61. What is the hundreds digit of o?
1
Suppose 188702 = 99*w - 26920. What is the hundreds digit of w?
1
Let w be 3830/70 - (-2)/7. Suppose -l = 4*l - w. What is the tens digit of l?
1
Suppose 0 = 13*k - 3442 - 2187. What is the tens digit of k?
3
Let f(s) = s**2 - 12*s - 25. Let n be f(14). Let t = n - 1. What is the units digit of t?
2
Let s be (2 + -3 - -3) + -1. Let w(r) = 8*r**3 + r. Let z be w(s). What is the tens digit of z/(6/2) - -16?
1
Suppose 3434 = 4*a - 3178. What is the units digit of a?
3
Let v(a) = -694*a + 35. What is the tens digit of v(-2)?
2
What is the thousands digit of (-5)/(12966/(-3240) + 4)?
2
Suppose y - 303 = -5*t, -4*y = -0*t - 2*t + 108. Suppose -32*l = -33*l + t. What is the tens digit of l?
6
Suppose -3*q = 4*b + 8, 2*b + 4*q - 5 = 1. Let g be (-222)/(-30) + 2/b. Suppose 0 = 5*t + d - 19 + g, d = -t. What is the units digit of t?
3
Let v(m) = m**2 + 3*m - 9. Let d be ((-143)/22)/(1/(-2)). What is the tens digit of v(d)?
9
Let z = -10 - -12. Suppose -z*j - 19 = 4*h - 63, -6 = -h - 3*j. What is the tens digit of h?
1
Let c(r) = r**3 - 4*r - 4. Let t be c(4). Suppose -16*y + t = -100. What is the units digit of y?
9
Let w(v) = -9 + 4*v**2 + 17 + 9 - 5*v**2. Let l be w(0). Let z = l - 10. What is the units digit of z?
7
Suppose -2*m = -4*j - 604, 6*m + 4*j = m + 1496. Suppose 12*o - m = 7*o. Suppose 2*i - 3*i + 2*g + 21 = 0, 5*i = g + o. What is the units digit of i?
1
Suppose 0 = -1782*n + 1789*n - 6272. What is the hundreds digit of n?
8
Let s = 195 - 13. Suppose -m + s = m. What is the tens digit of m?
9
Suppose 2*d = 1 + 3. Suppose -o = -4*i + 5 + 11, i = -d*o + 4. Suppose -2*r = -2*t - 0*r + 44, -3*t + i*r + 61 = 0. What is the units digit of t?
7
Let y(g) = 12 - 12 - 7*g - g**2. Let a be y(-6). Let v(o) = 5*o - 6. What is the units digit of v(a)?
4
Suppose 4*u = -4*b - 552, 0*b - 3*b + 3 = 0. What is the tens digit of 2*(3 - (-4)/(-8)*u)?
4
Let t(j) = j**3 + 8*j**2 - 8*j + 13. Suppose 31 - 4 = -3*s. Let r be t(s). Suppose -r*f - 8 = -2*b, 3*f + 0 - 3 = -3*b. What is the units digit of b?
2
Suppose 3*n + 9384 = -5*n. What is the tens digit of n/(-15) - -3 - (-2)/(-10)?
8
Let z be 3/(-9)*3 + 0. Let i be -24*((-12)/8 + 3). What is the units digit of (-84)/i - z/(-3)?
2
Let c(i) = -78*i - 11. What is the units digit of c(-2)?
5
Let r(l) = -l**2 + 45*l + 2. What is the tens digit of r(9)?
2
Let i = -70 + 48. Let s = 37 + i. Let u = s - 6. What is the units digit of u?
9
Let n be (-4)/(-6)*-3 + 5. Suppose 5*k - 3*v + 8*v = 40, 0 = 3*v + n. Suppose 0 = -q - k + 70. What is the tens digit of q?
6
Let u(k) = -73*k + 120. What is the tens digit of u(-5)?
8
What is the units digit of (26/8)/(1/48)?
6
Let f = -2557 + 6142. What is the units digit of f?
5
Let s = 377 + -125. What is the units digit of s?
2
Suppose -6*g + 3*g = 114. Let j be g*-1*(-3)/(-6). Suppose -j + 0 = -b. What is the tens digit of b?
1
Let x(u) = -u + 1. Suppose 16 = -4*r, 3*h + 5*r + 0 + 5 = 0. Let b be x(h). What is the tens digit of b/(3 - -1) + 31?
3
Let k(f) = f - 13. Let b be k(10). Let n = 8 + b. Suppose 155 = 5*x + 5*v, 143 = -0*x + n*x + v. What is the units digit of x?
8
Let j = -71 + 557. What is the units digit of j?
6
Suppose -5*t + 39 = -11. Suppose 0 = 5*x - 135 - t. What is the tens digit of x?
2
Let f(s) = 62*s + 142. What is the hundreds digit of f(10)?
7
Let g be (-1)/5 + 226/5. Let m = -15 + g. Suppose 6*w - w = m. What is the units digit of w?
6
Let r(w) = -57*w + 13. Let f be 3/(4 - 19/4). What is the tens digit of r(f)?
4
Let b = 8 + -10. Let v(p) = -62*p + 4. Let u be v(b). Suppose 3*c - u - 10 = 5*x, 2*c - 92 = -4*x. What is the tens digit of c?
4
Let t(c) = -26*c + 107. What is the hundreds digit of t(-14)?
4
Let t(p) = -p**3 - 23*p**2 - 51*p - 19. Let z(j) = -j**3 - 5*j**2 + 2*j - 11. Let l be z(-5). What is the hundreds digit of t(l)?
1
Let g(c) = 17*c - 119. What is the hundreds digit of g(28)?
3
Let d be 0/(5 + (5 - 9)). Let h = 11 - -4. Let l = h - d. What is the tens digit of l?
1
Let s(w) = -30*w - 12*w**2 + 0*w**2 + 19 - w**3 + 4*w**3 - 2*w**3. What is the hundreds digit of s(15)?
2
Suppose 0 = 2*l + 5*y + 16, 3*l = -3*y + y - 46. Suppose 17*k - 20*k = -12. Let i = k - l. What is the units digit of i?
2
What is the hundreds digit of 100 + -89 - (-1 - 344)?
3
Let j(x) = 122*x**3. Let r be j(2). Suppose 6*d + r = 14*d. What is the units digit of d?
2
What is the hundreds digit of ((-1248)/(-20))/(15/150)?
6
Suppose 8*o - 27 = -3*i + 3*o, 2*i - 4*o = -4. Suppose i*t + t = 25. Suppose -3*h + 3 = 0, -t*a - h - 12 = -98. What is the tens digit of a?
1
What is the hundreds digit of 57*(-96)/(-17) + 4/34?
3
Suppose 3*o - 908 = -o. Suppose -a - a - o = 5*x, -4*a = 4. Let q = 9 - x. What is the tens digit of q?
5
Suppose -26 - 22 = -4*z. Suppose -4*u + 2*u - z = 0. What is the units digit of (-10)/2*u/10?
3
Let t(k) = -k**2 - 18*k - 5. Let u(y) = y**3 + 5*y**2 + 3*y. Let q be u(-5). Let x be t(q). What is the units digit of x/(-32)*(-32)/2?
0
Let s = 509 - -129. What is the hundreds digit of s?
6
Let q(k) = -k. Let d(w) = -301*w - 2. Let b(u) = d(u) - 4*q(u). Let g be b(-1). Suppose -4*m + g - 19 = -4*c, -3*m + 212 = -4*c. What is the tens digit of m?
6
Suppose 2*n - 19 - 3 = t, -34 = -4*n - 3*t. Suppose z - n = -4*z. Suppose 3*o - z = -4*w + 30, 6 = o - w. What is the units digit of o?
8
Suppose -2*b + 160 = 2*b. Suppose -4*d + b = 5*o, 4*o + 1 = 4*d - 3. Suppose -61 = -o*c + 63. What is the tens digit of c?
3
Let x be 64/14 + (-27)/(-63). What is the tens digit of 2 - x/((-15)/228)?
7
Let v(w) be the third derivative of w**5/20 - 7*w**4/24 + 11*w**3/6 - 4*w**2. What is the tens digit of v(5)?
5
Suppose 3*m + 6 = -0*m. What is the tens digit of 156/9 + m/(-3)?
1
Let x(r) = 216*r**2 + 5*r + 2. What is the hundreds digit of x(-2)?
8
Let t be (-2)/4*2*-17. Let h = t + -15. Suppose h*x + 69 = 5*x. What is the tens digit of x?
2
Let k(z) = -z**3 + 10*z**2 - 8*z. Let m be k(9). Let v(g) = -16*g**3 + 11*g**2 + 10 + m*g - g**2 + 17*g**3. What is the tens digit of v(-8)?
6
Suppose o = 4 + 6. Let a be ((-40)/25)/((-4)/o). Suppose f + 3*p = -10, -p + 0*p + 4 = a*f. What is the units digit of f?
2
Suppose -47 = -f - 44. Suppose -f*g + 153 = 15. What is the tens digit of g?
4
Suppose 113*t - 156 = 111*t. Suppose r - 85 = -5*g + t, 3*r + 2*g = 437. What is the units d